dreds digit of k?
6
Suppose -7*d + 4*u - 3443 = -10*d, -3*u = 3. What is the units digit of d?
9
Suppose 163*i - 185*i = -72798. What is the units digit of i?
9
Suppose 0*z + 2*c + 64 = -2*z, -2*c + 29 = -z. Let a be (0 - 5)*86/(-10). Let f = z + a. What is the units digit of f?
2
Let n(d) = -2*d**3 - d**2 + 2*d. Let a(j) = -j**2 + 6*j + 3. Let b(w) = -w. Let u(y) = a(y) + 5*b(y). Let h be u(3). What is the units digit of n(h)?
9
Let s(y) = 5*y. Let h be s(3). Suppose h = 3*z + 2*z. Suppose -4*q = -4, 0 = -i - 5*q + z*q + 25. What is the units digit of i?
3
Let s be 0 + 0 + -1 + 1. Let c be 9 + -4 + s/(-1). Suppose -c*y = -143 + 33. What is the units digit of y?
2
Let y(w) be the second derivative of -w**4/12 - 2*w**3/3 + 4*w**2 - 35*w. What is the units digit of y(-5)?
3
Let n(l) = 8*l + 40. What is the units digit of n(61)?
8
Suppose -3*p + 1194 = 5*v, -573 = -4*v - p + 385. What is the tens digit of v?
4
Let c(r) = r + 4. Let y be c(-6). Let i(h) be the second derivative of -7*h**5/20 + h**4/6 - h**2/2 + 153*h. What is the units digit of i(y)?
3
What is the units digit of (-10)/5 - (-180 - -4)?
4
Suppose -1090 = -3*j - 19. What is the hundreds digit of j?
3
Let p be 936/(-16) + 1/(4/6). Let x = -44 - p. What is the tens digit of x?
1
Let l(a) = -13*a**3 - 6*a**2 - 6*a - 4. Let k be l(-6). What is the hundreds digit of 2 + 33/(-15) - k/(-20)?
1
Let f(k) = -10*k + 9. Let b(a) = 32 - 29 - 2*a - a. Let m(y) = 7*b(y) - 2*f(y). What is the tens digit of m(-9)?
1
Let b(x) = 153*x**2 + 4*x - 3. Let l be b(2). Suppose l = 3*w + 2*n, 4*w - 5*n - 92 = 723. What is the hundreds digit of w?
2
Let i = 5071 - 3152. What is the tens digit of i?
1
Let u(m) = m**3 + 6*m**2 - m - 2. Let o be u(-6). Suppose -3*l - o = -34. Suppose -2*d = -2*t - l, -80 + 5 = -5*d - 5*t. What is the units digit of d?
0
Suppose 2*z = 5*z + y - 11864, -7*z + 5*y = -27668. What is the units digit of z?
4
What is the hundreds digit of (6 + -2)/(19294/2409 + -8)?
4
Suppose 1120 = -313*l + 315*l. What is the tens digit of l?
6
Suppose h + 10 = 3*h. Suppose -h*k + 256 = -k. What is the tens digit of k?
6
Let g(q) = q - 7. Let w be g(7). Let z = -2 + w. What is the tens digit of z/((-305)/150 + 2)?
6
What is the units digit of 222 - (25/125 - 18/(-10))?
0
Let a(o) = -98*o - 166. What is the hundreds digit of a(-22)?
9
Let b be (-1)/1 - (17 - 20). Let u be 386/(-6)*(-5 + b). Suppose j + i = -12 + 79, 5*i + u = 3*j. What is the units digit of j?
6
Let d(m) = 3*m**2 - 2*m + 61. What is the hundreds digit of d(14)?
6
Let v = 24 + -20. Suppose 0 = 4*l - 3*t - 32, v*t - 25 = -3*l - 1. Let a = l - -10. What is the units digit of a?
8
Suppose 0 = -5*k + 6*k - 11*k. Suppose -3*n - 2*y = -n - 308, 2*y - 2 = k. What is the hundreds digit of n?
1
Let x(p) = 3*p + 86. What is the units digit of x(5)?
1
Let r = -87 + 99. What is the tens digit of 34 + 3/r*(8 - 4)?
3
Suppose -26*d + 1509 + 25 = 0. What is the units digit of d?
9
Let q = 63 + -42. Suppose -19*w + q*w = 142. What is the units digit of w?
1
Let x = 16 - -22. Suppose 77 + x = 5*p. What is the tens digit of p?
2
Suppose 25*g = 26*g + 68. What is the units digit of g/(-3 - (-4 - -2))?
8
Let b be (-4)/8 + (-2)/(-4). Let m(h) = 2*h + 5. Let p be m(b). Suppose -p*o + 36 = 4*i, 32 = 6*i - i + 3*o. What is the units digit of i?
4
Let o be 16/(-2)*((-28)/8 + 3). Suppose -4*j + 432 = -5*p - 0*p, o*p + 222 = 2*j. What is the units digit of j?
3
Let k(x) = 16*x**3 - x. Let r be k(1). What is the tens digit of (144/r + 6)*15/2?
1
Let p = 7027 + -2619. What is the tens digit of p?
0
Let h be (-10)/2*(-3 + 2). Let c be h + ((-8)/4 - 0). Suppose -c*g = -24 - 6. What is the tens digit of g?
1
Let s(l) = 2*l**3 + 26*l**2 - 25*l + 39. What is the units digit of s(-13)?
4
Let f be (-11 - -2)*(-3 + 2). Suppose f*z - 12*z + 735 = 0. What is the hundreds digit of z?
2
What is the hundreds digit of (36/(-12))/(-1 - (-590)/596)?
2
Suppose -116*v + 114*v + 9051 = -o, 4*o = -3*v + 13582. What is the hundreds digit of v?
5
Let a be 4/(-70)*5 + 30/7. What is the tens digit of (-3)/4 - ((-915)/a - 2)?
3
Let u(a) = -a**2 + 13*a - 12. Let y be u(12). Suppose x = -2*h + 3*x + 58, -2*h + x + 56 = y. What is the units digit of h?
7
Suppose 5*d = 4*d + 2. Suppose 3*x - 4*n = 2 + 6, -n = 2*x + d. Suppose 4*j - 2*s - s - 19 = x, -2*s = -4*j + 18. What is the units digit of j?
4
Suppose 0*d = -2*d + 4. Suppose -j = d*j - 18. What is the units digit of 2/j + (-285)/(-9)?
2
Let r = -3 - -6. Suppose 3*o - 239 = -r*x - 2*o, -3*x = -3*o - 207. Let g = -43 + x. What is the units digit of g?
0
Let a = 362 - 242. Suppose -a*v = -116*v - 776. What is the hundreds digit of v?
1
Let i = 8412 + -4052. What is the hundreds digit of i?
3
Let q(a) = 0 + 0*a**3 + 2 - 4*a**2 - a**3 - 1. Let h be q(-4). Suppose -h = -3*i + 8. What is the units digit of i?
3
Suppose 4*u + 99 + 29 = 0. What is the tens digit of 50/4*u/(-40)?
1
Let s = 671 + -387. What is the tens digit of s?
8
Suppose -8*j + 821 = -51. What is the hundreds digit of j?
1
Let h(s) = 2*s - 11*s + s**2 + 11*s - 27. What is the hundreds digit of h(-13)?
1
Let x be 8/(-6) + (-23800)/(-30). Suppose -7*q = -q - x. What is the hundreds digit of q?
1
Let s be 64*(3 + (-20)/8). What is the tens digit of (s - 0)/((-7)/(-14))?
6
Let o = 3710 - 649. What is the units digit of o?
1
Suppose -65*x + 19*x = -195914. What is the units digit of x?
9
Suppose 0 = w - s + 38, -4*s = -4*w - w - 189. Let u = w + 62. What is the units digit of u?
5
Let l(t) = -t**2 + 7*t + 13. Let f be (-25)/(-5) - (-2 - -1). What is the tens digit of l(f)?
1
Let s = 96 - 105. What is the hundreds digit of (-1441)/s - 4/36?
1
What is the units digit of 0 + 1378 - 216/36?
2
Let p(q) = -7*q**3 - 17*q**2 - 11*q + 1. Let b(r) = -4*r**3 - 9*r**2 - 6*r. Let s(n) = 5*b(n) - 3*p(n). What is the tens digit of s(-4)?
1
Suppose 6 + 9 = 5*c. What is the units digit of c + -3 + 2 - -25?
7
Suppose -5*q = 2*o - 190, 4*o + q - 119 = 279. What is the hundreds digit of 3/(15/743) - 60/o?
1
Suppose -n + 2*m - 14 = 0, -2 + 6 = -4*n - 5*m. Let o = n - -13. Suppose -2*a = -5*s - 75, 2*s - o*s - 40 = -a. What is the units digit of a?
5
Let b(g) = 2*g + 10. Let y be b(-5). Suppose y*p + 2*z = p - 26, -4*z + 108 = 3*p. Suppose -p + 1 = -l. What is the units digit of l?
1
Let g(c) = 5*c + 22. Let o(j) = 4*j + 21. Let f(k) = -6*g(k) + 7*o(k). Let b be f(11). Let x(q) = -2*q - 2. What is the units digit of x(b)?
2
What is the tens digit of ((-3)/18)/((-31)/86118)?
6
Let a(y) = 40*y**2 + 3*y + 2. Let n = 97 + -99. What is the units digit of a(n)?
6
Let o(h) = -h**3 + 8*h**2 - h + 7. What is the tens digit of o(-6)?
1
Suppose 0 = 4*l - 0*l - 5*s - 108, -s = -4*l + 108. Let w be (3/(-9))/(6/(-324)*-6). Let g = l - w. What is the units digit of g?
0
Let n(s) = -11*s + 96 - 191 - 3*s + 97. Suppose 0*r - 9 = 3*r. What is the units digit of n(r)?
4
Let k = -8 + 12. Let z(c) = -c**3 + 6*c**2 - c - 3. What is the units digit of z(k)?
5
Suppose -5*n + t + 115 = 0, -4*n - 4*t - 5 = -97. Suppose 2*l + 7 = -n. Let j = l - -35. What is the tens digit of j?
2
Suppose -a = -1 - 124. Suppose -5*g - 2*m = -3*m - 245, 2*g = -5*m + a. What is the units digit of g?
0
Suppose 2*l + 4*a + 28 = a, -2*l = 4*a + 30. Let z = l + 11. Let k(b) = b**3 + b**2 - b + 15. What is the tens digit of k(z)?
1
Let x(k) = -k - 2. Let o be x(-7). Let p be (o - 0) + 15/(-5). Suppose -4*m + 4*l = -80, -l - 6 - 33 = -p*m. What is the units digit of m?
9
Let m = -598 - -608. What is the tens digit of m?
1
Let f = -150 + 866. What is the units digit of f?
6
What is the units digit of 11/220*-4*-10995?
9
Let a(y) = 6*y + 17. Let h be a(8). Let k be (8/6)/(6/(-153)). Let b = h + k. What is the tens digit of b?
3
Suppose -918 = -17*d + 15*d. What is the hundreds digit of d?
4
What is the units digit of 1 + 45/(-63) - 754/(-7)?
8
What is the thousands digit of -1*(-1)/((-84847)/(-21210) + -4)?
3
Suppose -11*q = -12*q + 86. What is the tens digit of q?
8
Let l(a) = 26*a + 13. Let u be l(6). Let s = u - 53. What is the units digit of s?
6
Suppose 3*b = -2*b + 405. Suppose 5*j = -4*k - b, -41 - 41 = 5*j + 3*k. Let g = j + 30. What is the units digit of g?
3
Suppose f - 61 = -2*f + k, 0 = -5*k - 5. What is the tens digit of (116/10)/(2/f)?
1
Supp